{"id":226,"date":"2024-04-21T10:56:19","date_gmt":"2024-04-21T10:56:19","guid":{"rendered":"https:\/\/bootwandern.de\/?page_id=226"},"modified":"2024-04-21T10:56:19","modified_gmt":"2024-04-21T10:56:19","slug":"faq","status":"publish","type":"page","link":"https:\/\/bootwandern.de\/index.php\/faq\/","title":{"rendered":"FAQ"},"content":{"rendered":"\n<h2 class=\"wp-block-heading\">Ist Kanufahren gef\u00e4hrlich?<\/h2>\n\n\n\n<p>Nein, nicht bei uns!<\/p>\n\n\n\n<p>Um es zu vergleichen: Das Paddeln ist sicherlich nicht so gef\u00e4hrlich wie das Radfahren!<\/p>\n\n\n\n<p>Zu Ihrer Ausr\u00fcstung geh\u00f6ren auch Rettungswesten. Diese sind ohnmachtsicher. Konkret hei\u00dft das in Bezug auf die Gef\u00e4hrlichkeit einer Kanutour: Wenn Sie die Rettungsweste tragen ist das Schlimmste was Ihnen passieren kann, dass Sie kentern und beim Umkippen mit dem Kopf auf einem Stein aufschlagen und bewusstlos sind (ein Sturz vom Fahrrad kann schlimmer ausgehen). Dann treiben Sie immer noch auf der Wasseroberfl\u00e4che und k\u00f6nnen in Ruhe aus dem Fluss gefischt werden. Bisher hatte noch keiner unsere Kunden einen ernstzunehmenden Unfall.<\/p>\n\n\n\n<h2 class=\"wp-block-heading\"><a><\/a>Kann man Tagestouren auch an anderen Stellen des Flusses starten?<\/h2>\n\n\n\n<p>Wir starten die Kanutour nur in Nittenau. Wenn Sie Ihre Boote selbst abholen und wieder bringen, dann k\u00f6nnen Sie an allen Stellen des Flusses einsetzen. <\/p>\n\n\n\n<p><strong>Bitte beachten Sie die beh\u00f6rdlichen Bestimmungen! Besonders im Landkreis Cham ist an manchen Stellen auch der Gemeingebrauch eingeschr\u00e4nkt. <\/strong><\/p>\n\n\n\n<h2 class=\"wp-block-heading\"><a><\/a>Welche Ausr\u00fcstung ben\u00f6tigt man, was muss ich mitnehmen?<\/h2>\n\n\n\n<p>In unseren Preisen ist alles enthalten, d. h. Sie erhalten: Paddel, Rettungswesten, Bootswagen, wasserdichten Packsack, Eimer, Schwamm, Kartenmaterial. Eine weitere Ausr\u00fcstung zum Paddeln selber ben\u00f6tigen Sie nicht. Je nach Wetterlage sollten Sie verschiedene Dinge mitnehmen. Bei sch\u00f6nem Wetter empfiehlt sich die Mitnahme von Badesachen, da der Regen zum Baden einl\u00e4dt. Sie sollten auch an Getr\u00e4nke und Verpflegung, ggf. Isomatten als Unterlage denken. Die Mitnahme von Ersatzkleidung ist empfehlenswert. Ebenso sollten Sie eine Regenjacke mitf\u00fchren, da das Wetter oft gegen Abend zur Gewitterbildung neigt.<\/p>\n\n\n\n<p><strong>Bitte beachten Sie: die Mitnahme von Glasflaschen ist in unseren Booten untersagt!<\/strong><\/p>\n\n\n\n<h2 class=\"wp-block-heading\"><a><\/a>Was tun bei schlechtem Wetter?<\/h2>\n\n\n\n<p>Grunds\u00e4tzlich gibt es kein schlechtes Wetter, sondern nur eine schlechte Kleidung. Kanutouren k\u00f6nnen bei jedem Wetter durchgef\u00fchrt werden. Sonniges, warmes Wetter w\u00fcnscht sich nat\u00fcrlich jeder. Sollten Sie beabsichtigen nur bei sch\u00f6nem Wetter zu fahren, so buchen Sie erst wenn Sie das Wetter absch\u00e4tzen k\u00f6nnen. Sie k\u00f6nnen Ihre Buchung bis zwei Tage vor Antritt der Fahrt stornieren. Es wird dann nur die anbezahlte Reservierungsgeb\u00fchr einbehalten. Uns reicht auch eine Reservierung am Vortag zum Organisieren Ihrer Kanutour.<\/p>\n\n\n\n<h2 class=\"wp-block-heading\"><a><\/a>Muss ich mich anmelden?<\/h2>\n\n\n\n<p>Grunds\u00e4tzlich nicht, allerdings haben wir unsere Verleihstation nicht immer besetzt. Es empfiehlt sich deshalb anzurufen bevor Sie in Ihr Auto steigen. An unbest\u00e4ndigen Tagen haben wir m\u00f6glicherweise keine weiteren Kunden unterwegs und unsere Station ist deshalb nicht besetzt, an sonnigen Tagen sind wir eventuell ausgebucht.<\/p>\n\n\n\n<h2 class=\"wp-block-heading\"><a><\/a>Wie komme ich nach der Kanutour wieder an mein Auto?<\/h2>\n\n\n\n<p>Teil unseres Services ist selbstverst\u00e4ndlich unser Abholservice. In den Transportkosten f\u00fcr das Boot ist eine Garantie zu Mitnahme von mindestens einer Person (Autofahrer) enthalten. Sollten mehrere Pl\u00e4tze in unseren Fahrzeugen frei sein, so k\u00f6nnen unter Umst\u00e4nden auch alle Personen mitfahren. Da Sie in Ramspau direkt an der Flussbadestelle ankommen, k\u00f6nnen die restlichen Mitfahrer solange warten bis der Autofahrer wieder zur\u00fcck ist. Auch eine Wirtschaft mit Biergarten befindet sich in Ramspau.<\/p>\n\n\n\n<h2 class=\"wp-block-heading\"><a><\/a>Wie lange dauert eine Tour?<\/h2>\n\n\n\n<p>Ausgehend von einer gem\u00fctlichen Paddeltour k\u00f6nnen Sie f\u00fcr die Strecke Nittenau \u2013 Ramspau ca. vier Stunden einplanen. Sportliche Paddler entsprechend weniger. Erfahrungsgem\u00e4\u00df wird die Strecke bei unbest\u00e4ndigen Wetter eher schneller zur\u00fcckgelegt, bei sonnigen, warmen Wetter sollten Sie gro\u00dfz\u00fcgige Pausen zum Schwimmen, Picknick oder f\u00fcr den Biergarten mit einberechnen.<\/p>\n\n\n\n<h2 class=\"wp-block-heading\"><a><\/a>Was mache ich wenn ich nicht solange paddeln will?<\/h2>\n\n\n\n<p>Auch das ist bei uns kein Problem. Im allgemeinen starten wir mit unserem R\u00fccktransport um 17.00 Uhr in Ramspau. Sollten Sie bis zu diesem Zeitpunkt nicht in Ramspau sein, so landen Sie (etwas vor 17.00 Uhr) einfach in Heilinghausen an. Wir nehmen Sie von Heilighausen aus mit.<\/p>\n\n\n\n<h2 class=\"wp-block-heading\"><a><\/a>Ab welchem und bis zu welchem Alter kann man eine Kanutour unternehmen?<\/h2>\n\n\n\n<p>Da das Kanufahren relativ ungef\u00e4hrlich ist, kann man problemlos von 1-99 Jahren paddeln. Unsere kleinsten Rettungswesten passen schon S\u00e4uglingen ab drei Monaten. Zu Beachten ist allerdings, das besonders Kleinkinder unter vier Jahren h\u00e4ufig noch einen Mittagsschlaf ben\u00f6tigen. Manche Kinder k\u00f6nnen im Boot schlafen, die meisten jedoch aufgrund der ungewohnten Umgebung nicht. \u00dcberm\u00fcdete Kinder k\u00f6nnen in kurzer Zeit die sch\u00f6nste Erholung ins Gegenteil verkehren! Eine Abschattung unbedingt wichtig, da man w\u00e4hrend der Tour immer der Sonne ausgesetzt ist. Au\u00dferdem sollte man nicht die volle Tour von vier Stunden paddeln, sondern die Etappe kindgerecht, d. h. nach der Laune des Kindes, verk\u00fcrzen. Eine Verk\u00fcrzung ist problemlos m\u00f6glich, allerdings der Zeitpunkt der R\u00fcckholung sollte eingehalten werden.<\/p>\n\n\n\n<p>Dem Alter nach oben sind die Grenzen durch die pers\u00f6nliche Verfassung gesteckt. Man kann mit 99 Jahren schon noch paddeln, sollte aber noch sehr sehr r\u00fcstig sein.<\/p>\n\n\n\n<h2 class=\"wp-block-heading\"><a><\/a>Wo \u00fcbernachte ich bei einer 2- oder mehr- Tagestour und was mache ich da mit den Booten?<\/h2>\n\n\n\n<p>Bei einer Mehrtagestour k\u00f6nnen Sie wahlweise auf den Zeltpl\u00e4tzen am Ufer oder in den Gastst\u00e4tten in der N\u00e4he des Flusses \u00fcbernachten. Bei der \u00dcbernachtung im Zelt legen Sie Ihr Boot einfach neben das Zelt. Es ist in der Nacht kaum m\u00f6glich das Boot ger\u00e4uschlos zu entwenden. Bei einer \u00dcbernachtung in einer Gastst\u00e4tte k\u00f6nnen Sie bei den meisten Betrieben Ihr Boot unterstellen. Ein Verzeichnis der Gastst\u00e4tten in Flussn\u00e4he haben wir und senden es Ihnen gerne mit den Buchungsunterlagen zu.<\/p>\n\n\n\n<h2 class=\"wp-block-heading\">Gibt es diese Kanutouren auch mit einem Guide oder einer gef\u00fchrten Gruppe?<\/h2>\n\n\n\n<p>Kanutouren mit Guide veranstalten wir nicht. Da der Regen ein ruhiger Wanderfluss und auch f\u00fcr absolute Anf\u00e4nger geeignet ist, hat ein Guide und eine Gruppe eigentlich nur gesellschaftliche Bedeutung. Als absoluter Anf\u00e4nger erhalten Sie auf Wunsch zu Beginn Ihrer Kanutour eine ausf\u00fchrliche Einweisung in das Kanufahren, das Verhalten bei Wehren, Steinen usw., das Verhalten in der Natur.<\/p>\n\n\n\n<h2 class=\"wp-block-heading\"><a><\/a>Was mache ich bei den Wehren und wie merke ich dass ein Wehr kommt?<\/h2>\n\n\n\n<p>Der Bootswanderweg vom Blaibacher See bis Regensburg ist beschildert und weist Sie rechtzeitig auf Wehre und Rastpl\u00e4tze hin. Um Ihre Sicherheit zu erh\u00f6hen erhalten Sie bei uns als Teil Ihrer Ausr\u00fcstung Wehrkarten. Auf diesen befindet sich ein Foto mit der Ansicht des Wehres, eine Skizze wie das Wehr zu umgehen ist und eine entsprechende Beschreibung, die Sie auf Gefahrenquellen hinweist. Durch das, \u00fcber die Wehrkante str\u00f6mende, Wasser h\u00f6ren Sie ein Wehr wenn sie sich ann\u00e4hern.<\/p>\n\n\n\n<h2 class=\"wp-block-heading\"><a><\/a>Kann diese Tour auch irgendwo komplett gebucht werden?<\/h2>\n\n\n\n<p>Nein. Derzeit gibt es auf Grund beh\u00f6rdlicher Regelungen keinen Kanuverleih, der eine komplette Tour anbieten kann.<\/p>\n\n\n\n<h2 class=\"wp-block-heading\">Was kostet solch eine Tour auf dem Regen eigentlich?<\/h2>\n\n\n\n<p>Die Preise je Boot auf den Strecke Nittenau-Ramspau finden Sie in unserem Buchungssystem. Hier sehen Sie auch wann und welche Boote zu Ihrem gew\u00fcnschten Zeitpunkt noch frei sind. <a href=\"https:\/\/www.kanuverleih.com\">www.kanuverleih.com<\/a> <\/p>\n\n\n\n<p>Zus\u00e4tzliche Boote und weitere Strecken und Mehrtagestouren bieten wir nur als Selbstabholung an, d.h. Sie holen die Boote an unserer Verleihstation ab und bringen sie um Ende Ihrer Tour hier wieder zur\u00fcck.<\/p>\n\n\n\n<h2 class=\"wp-block-heading\">Bieten Sie auch Gep\u00e4cktransport mit an?<\/h2>\n\n\n\n<p>Nein.<\/p>\n\n\n\n<h2 class=\"wp-block-heading\"><a><\/a>Kann man im Fluss baden?<\/h2>\n\n\n\n<p>Normalerweise ja. Im &#8222;Normalzustand&#8220; hat der Regen die Gew\u00e4sserg\u00fcte Klasse 2-3.<\/p>\n\n\n\n<h2 class=\"wp-block-heading\"><a><\/a>Kann man als Anf\u00e4nger mit den Kajaks auch eine Mehrtagestour machen?<\/h2>\n\n\n\n<p>Grunds\u00e4tzlich ja. Die Kajaks bieten erfahrungsgem\u00e4\u00df allerdings nicht gen\u00fcgend Platz f\u00fcr das Gep\u00e4ck (Zelt, Schlafsack, Iso-Matte, Kocher, usw.). Besonders unerfahrene Outdoorler neigen dazu zuviel Gep\u00e4ck mit zu nehmen. Die bessere Wahl w\u00e4re in diesem Fall ein 2er Canadier.<\/p>\n","protected":false},"excerpt":{"rendered":"<p>Ist Kanufahren gef\u00e4hrlich? Nein, nicht bei uns! Um es zu vergleichen: Das Paddeln ist sicherlich nicht so gef\u00e4hrlich wie das Radfahren! Zu Ihrer Ausr\u00fcstung geh\u00f6ren auch Rettungswesten. Diese sind ohnmachtsicher. Konkret hei\u00dft das in Bezug auf die Gef\u00e4hrlichkeit einer Kanutour: Wenn Sie die Rettungsweste tragen ist das Schlimmste was Ihnen passieren kann, dass Sie kentern &hellip; <\/p>\n<p class=\"link-more\"><a href=\"https:\/\/bootwandern.de\/index.php\/faq\/\" class=\"more-link\"><span class=\"screen-reader-text\">\u201eFAQ\u201c <\/span>weiterlesen<\/a><\/p>\n","protected":false},"author":1,"featured_media":0,"parent":0,"menu_order":0,"comment_status":"closed","ping_status":"closed","template":"","meta":{"footnotes":""},"class_list":["post-226","page","type-page","status-publish","hentry"],"yoast_head":"<!-- This site is optimized with the Yoast SEO plugin v27.2 - https:\/\/yoast.com\/product\/yoast-seo-wordpress\/ -->\n<title>FAQ - Kanutouren am Regen<\/title>\n<meta name=\"robots\" content=\"index, follow, max-snippet:-1, max-image-preview:large, max-video-preview:-1\" \/>\n<link rel=\"canonical\" href=\"https:\/\/bootwandern.de\/index.php\/faq\/\" \/>\n<meta property=\"og:locale\" content=\"de_DE\" \/>\n<meta property=\"og:type\" content=\"article\" \/>\n<meta property=\"og:title\" content=\"FAQ - Kanutouren am Regen\" \/>\n<meta property=\"og:description\" content=\"Ist Kanufahren gef\u00e4hrlich? Nein, nicht bei uns! Um es zu vergleichen: Das Paddeln ist sicherlich nicht so gef\u00e4hrlich wie das Radfahren! Zu Ihrer Ausr\u00fcstung geh\u00f6ren auch Rettungswesten. Diese sind ohnmachtsicher. Konkret hei\u00dft das in Bezug auf die Gef\u00e4hrlichkeit einer Kanutour: Wenn Sie die Rettungsweste tragen ist das Schlimmste was Ihnen passieren kann, dass Sie kentern &hellip; \u201eFAQ\u201c weiterlesen\" \/>\n<meta property=\"og:url\" content=\"https:\/\/bootwandern.de\/index.php\/faq\/\" \/>\n<meta property=\"og:site_name\" content=\"Kanutouren am Regen\" \/>\n<meta name=\"twitter:card\" content=\"summary_large_image\" \/>\n<meta name=\"twitter:label1\" content=\"Gesch\u00e4tzte Lesezeit\" \/>\n\t<meta name=\"twitter:data1\" content=\"7\u00a0Minuten\" \/>\n<script type=\"application\/ld+json\" class=\"yoast-schema-graph\">{\"@context\":\"https:\/\/schema.org\",\"@graph\":[{\"@type\":\"WebPage\",\"@id\":\"https:\/\/bootwandern.de\/index.php\/faq\/\",\"url\":\"https:\/\/bootwandern.de\/index.php\/faq\/\",\"name\":\"FAQ - Kanutouren am Regen\",\"isPartOf\":{\"@id\":\"https:\/\/bootwandern.de\/#website\"},\"datePublished\":\"2024-04-21T10:56:19+00:00\",\"breadcrumb\":{\"@id\":\"https:\/\/bootwandern.de\/index.php\/faq\/#breadcrumb\"},\"inLanguage\":\"de\",\"potentialAction\":[{\"@type\":\"ReadAction\",\"target\":[\"https:\/\/bootwandern.de\/index.php\/faq\/\"]}]},{\"@type\":\"BreadcrumbList\",\"@id\":\"https:\/\/bootwandern.de\/index.php\/faq\/#breadcrumb\",\"itemListElement\":[{\"@type\":\"ListItem\",\"position\":1,\"name\":\"Startseite\",\"item\":\"https:\/\/bootwandern.de\/\"},{\"@type\":\"ListItem\",\"position\":2,\"name\":\"FAQ\"}]},{\"@type\":\"WebSite\",\"@id\":\"https:\/\/bootwandern.de\/#website\",\"url\":\"https:\/\/bootwandern.de\/\",\"name\":\"Kanutouren am Regen\",\"description\":\"Allgemeine Beschreibung\",\"publisher\":{\"@id\":\"https:\/\/bootwandern.de\/#organization\"},\"potentialAction\":[{\"@type\":\"SearchAction\",\"target\":{\"@type\":\"EntryPoint\",\"urlTemplate\":\"https:\/\/bootwandern.de\/?s={search_term_string}\"},\"query-input\":{\"@type\":\"PropertyValueSpecification\",\"valueRequired\":true,\"valueName\":\"search_term_string\"}}],\"inLanguage\":\"de\"},{\"@type\":\"Organization\",\"@id\":\"https:\/\/bootwandern.de\/#organization\",\"name\":\"Kanutouren am Regen\",\"url\":\"https:\/\/bootwandern.de\/\",\"logo\":{\"@type\":\"ImageObject\",\"inLanguage\":\"de\",\"@id\":\"https:\/\/bootwandern.de\/#\/schema\/logo\/image\/\",\"url\":\"https:\/\/bootwandern.de\/wp-content\/uploads\/2024\/02\/cropped-Logo_Regental-Kanu.gif\",\"contentUrl\":\"https:\/\/bootwandern.de\/wp-content\/uploads\/2024\/02\/cropped-Logo_Regental-Kanu.gif\",\"width\":442,\"height\":250,\"caption\":\"Kanutouren am Regen\"},\"image\":{\"@id\":\"https:\/\/bootwandern.de\/#\/schema\/logo\/image\/\"}}]}<\/script>\n<!-- \/ Yoast SEO plugin. -->","yoast_head_json":{"title":"FAQ - Kanutouren am Regen","robots":{"index":"index","follow":"follow","max-snippet":"max-snippet:-1","max-image-preview":"max-image-preview:large","max-video-preview":"max-video-preview:-1"},"canonical":"https:\/\/bootwandern.de\/index.php\/faq\/","og_locale":"de_DE","og_type":"article","og_title":"FAQ - Kanutouren am Regen","og_description":"Ist Kanufahren gef\u00e4hrlich? Nein, nicht bei uns! Um es zu vergleichen: Das Paddeln ist sicherlich nicht so gef\u00e4hrlich wie das Radfahren! Zu Ihrer Ausr\u00fcstung geh\u00f6ren auch Rettungswesten. Diese sind ohnmachtsicher. Konkret hei\u00dft das in Bezug auf die Gef\u00e4hrlichkeit einer Kanutour: Wenn Sie die Rettungsweste tragen ist das Schlimmste was Ihnen passieren kann, dass Sie kentern &hellip; \u201eFAQ\u201c weiterlesen","og_url":"https:\/\/bootwandern.de\/index.php\/faq\/","og_site_name":"Kanutouren am Regen","twitter_card":"summary_large_image","twitter_misc":{"Gesch\u00e4tzte Lesezeit":"7\u00a0Minuten"},"schema":{"@context":"https:\/\/schema.org","@graph":[{"@type":"WebPage","@id":"https:\/\/bootwandern.de\/index.php\/faq\/","url":"https:\/\/bootwandern.de\/index.php\/faq\/","name":"FAQ - Kanutouren am Regen","isPartOf":{"@id":"https:\/\/bootwandern.de\/#website"},"datePublished":"2024-04-21T10:56:19+00:00","breadcrumb":{"@id":"https:\/\/bootwandern.de\/index.php\/faq\/#breadcrumb"},"inLanguage":"de","potentialAction":[{"@type":"ReadAction","target":["https:\/\/bootwandern.de\/index.php\/faq\/"]}]},{"@type":"BreadcrumbList","@id":"https:\/\/bootwandern.de\/index.php\/faq\/#breadcrumb","itemListElement":[{"@type":"ListItem","position":1,"name":"Startseite","item":"https:\/\/bootwandern.de\/"},{"@type":"ListItem","position":2,"name":"FAQ"}]},{"@type":"WebSite","@id":"https:\/\/bootwandern.de\/#website","url":"https:\/\/bootwandern.de\/","name":"Kanutouren am Regen","description":"Allgemeine Beschreibung","publisher":{"@id":"https:\/\/bootwandern.de\/#organization"},"potentialAction":[{"@type":"SearchAction","target":{"@type":"EntryPoint","urlTemplate":"https:\/\/bootwandern.de\/?s={search_term_string}"},"query-input":{"@type":"PropertyValueSpecification","valueRequired":true,"valueName":"search_term_string"}}],"inLanguage":"de"},{"@type":"Organization","@id":"https:\/\/bootwandern.de\/#organization","name":"Kanutouren am Regen","url":"https:\/\/bootwandern.de\/","logo":{"@type":"ImageObject","inLanguage":"de","@id":"https:\/\/bootwandern.de\/#\/schema\/logo\/image\/","url":"https:\/\/bootwandern.de\/wp-content\/uploads\/2024\/02\/cropped-Logo_Regental-Kanu.gif","contentUrl":"https:\/\/bootwandern.de\/wp-content\/uploads\/2024\/02\/cropped-Logo_Regental-Kanu.gif","width":442,"height":250,"caption":"Kanutouren am Regen"},"image":{"@id":"https:\/\/bootwandern.de\/#\/schema\/logo\/image\/"}}]}},"_links":{"self":[{"href":"https:\/\/bootwandern.de\/index.php\/wp-json\/wp\/v2\/pages\/226","targetHints":{"allow":["GET"]}}],"collection":[{"href":"https:\/\/bootwandern.de\/index.php\/wp-json\/wp\/v2\/pages"}],"about":[{"href":"https:\/\/bootwandern.de\/index.php\/wp-json\/wp\/v2\/types\/page"}],"author":[{"embeddable":true,"href":"https:\/\/bootwandern.de\/index.php\/wp-json\/wp\/v2\/users\/1"}],"replies":[{"embeddable":true,"href":"https:\/\/bootwandern.de\/index.php\/wp-json\/wp\/v2\/comments?post=226"}],"version-history":[{"count":1,"href":"https:\/\/bootwandern.de\/index.php\/wp-json\/wp\/v2\/pages\/226\/revisions"}],"predecessor-version":[{"id":227,"href":"https:\/\/bootwandern.de\/index.php\/wp-json\/wp\/v2\/pages\/226\/revisions\/227"}],"wp:attachment":[{"href":"https:\/\/bootwandern.de\/index.php\/wp-json\/wp\/v2\/media?parent=226"}],"curies":[{"name":"wp","href":"https:\/\/api.w.org\/{rel}","templated":true}]}}