{"id":91,"date":"2024-02-25T18:57:22","date_gmt":"2024-02-25T18:57:22","guid":{"rendered":"https:\/\/bootwandern.de\/?page_id=91"},"modified":"2024-04-20T12:19:38","modified_gmt":"2024-04-20T12:19:38","slug":"etappe-marienthal-bis-heilinghausen","status":"publish","type":"page","link":"https:\/\/bootwandern.de\/index.php\/etappe-marienthal-bis-heilinghausen\/","title":{"rendered":"Etappe Marienthal bis Heilinghausen"},"content":{"rendered":"\n<p>Das Gasthaus Marienthal, mit seinen \u00fcber 100 j\u00e4hrigen Kastanienb\u00e4umen z\u00e4hlt zu einem der sch\u00f6nsten Bierg\u00e4rten Bayerns. Wenn man unter den schattenspendenden Kastanien sitzt und ein k\u00fchles Bier vor sich hat, so f\u00e4llt es schwer sich aufzuraffen und weiter zu paddeln. Auch wenn der Gedanke schwer f\u00e4llt, tuen Sie es! Es lohnt sich. Es liegen noch Highlights der Tour Nittenau &#8211; Ramspau vor ihnen und das erste kommt sofort.<\/p>\n\n\n\n<figure class=\"wp-block-image size-full is-resized\"><img loading=\"lazy\" decoding=\"async\" width=\"500\" height=\"395\" src=\"https:\/\/bootwandern.de\/wp-content\/uploads\/2024\/02\/kanu-marienthal.jpg\" alt=\"\" class=\"wp-image-47\" style=\"width:450px\" srcset=\"https:\/\/bootwandern.de\/wp-content\/uploads\/2024\/02\/kanu-marienthal.jpg 500w, https:\/\/bootwandern.de\/wp-content\/uploads\/2024\/02\/kanu-marienthal-300x237.jpg 300w\" sizes=\"auto, (max-width: 500px) 100vw, 500px\" \/><\/figure>\n\n\n\n<p>Kanutour von Nittenau nach RamspauZweihundert Meter nach dem Wiedereinstieg paddeln sie zwischen den Felsen von Marienthal. Es mag kurz nach dem Start nicht passend sein, aber g\u00f6nnen Sie Ihren Kindern den Spass einen Felsen zu besteigen. Der gr\u00f6\u00dfte Felsen eignet sich zum Anlanden und bietet ein bis zwei kleinen Familien Platz um eine Brotzeit einzunehmen. Beim Blick zur\u00fcck erkennen Sie die Geisterburg Stockenfels, thronend am Bergr\u00fccken gegen\u00fcber von Marienthal. Vor vierhundert Jahren war es die Burg von Raubrittern, bis Ihnen die Regensburger den Garaus machten, heute bietet die Burg nur noch den letzten Geistern von unredlichen Wirten und Bedienungen Zuflucht.<\/p>\n\n\n\n<figure class=\"wp-block-image size-large is-resized\"><img loading=\"lazy\" decoding=\"async\" width=\"768\" height=\"1024\" src=\"https:\/\/bootwandern.de\/wp-content\/uploads\/2024\/04\/0043-P8193470-768x1024.jpg\" alt=\"\" class=\"wp-image-169\" style=\"aspect-ratio:3\/4;object-fit:cover;width:450px\" srcset=\"https:\/\/bootwandern.de\/wp-content\/uploads\/2024\/04\/0043-P8193470-768x1024.jpg 768w, https:\/\/bootwandern.de\/wp-content\/uploads\/2024\/04\/0043-P8193470-225x300.jpg 225w, https:\/\/bootwandern.de\/wp-content\/uploads\/2024\/04\/0043-P8193470-1152x1536.jpg 1152w, https:\/\/bootwandern.de\/wp-content\/uploads\/2024\/04\/0043-P8193470.jpg 1536w\" sizes=\"auto, (max-width: 706px) 89vw, (max-width: 767px) 82vw, 740px\" \/><\/figure>\n\n\n\n<p>Im weiteren Verlauf der Tour bis Heilinghausen sind die Felsen wieder allgegenw\u00e4rtig. Mal kleine Felsen unter, mal gro\u00dfe Felsquader auf der spiegelnden Wasseroberfl\u00e4che. Die Stra\u00dfe, seit Marienthal auf 500 m L\u00e4nge neben dem Fluss, verl\u00e4sst nun diesen und die Strecke f\u00fchrt weiter an senkrechten Felsw\u00e4nden vorbei, dem n\u00e4chsten Highlight zu &#8211; der Schwallstrecke. Vorher sollte man sich die Wiesen am rechten Ufer nicht entgehen lassen. Wer stark genug war, den Versuchungen des Wirtes zu wiedersprechen, der findet hier geeignete Pl\u00e4tze f\u00fcr eine St\u00e4rkung.<\/p>\n\n\n\n<figure class=\"wp-block-image size-full is-resized\"><img loading=\"lazy\" decoding=\"async\" width=\"300\" height=\"269\" src=\"https:\/\/bootwandern.de\/wp-content\/uploads\/2024\/02\/schwallstrecke.jpg\" alt=\"\" class=\"wp-image-54\" style=\"aspect-ratio:4\/3;object-fit:cover;width:450px\"\/><\/figure>\n\n\n\n<p>Wieder am Wasser unterwegs, h\u00f6rt man ein leises Rauschen, das langsam lautet wird. Die Schwallstrecke k\u00fcndigt sich an. Ge\u00fcbte Paddler, die die Strecke kennen, werden jetzt wohl sagen: &#8222;Das soll eine Schwallstrecke sein?&#8220;. F\u00fcr Anf\u00e4nger und Kanuneulinge mit Kindern jedoch schon ein spannendes und trotzdem ungef\u00e4hrliches Erlebnis. Die Strecke vermittelt einen ersten Eindruck, was im richtigen Wildwasser wirklich abgeht. Je h\u00f6her der Wasserstand ist, umso weniger merkt man von der Schwallstrecke. Eine leichte Linkskurve und wir sind mitten drin. Automatisch f\u00fchrt uns die Hauptstr\u00f6mung in der linken Flussh\u00e4lfte sanft um die Felsen, die am rechten Ufer aus dem Wasser ragen und auf eine Gelegenheit warten uns zum Kentern zu bringen. Dann verengt sich die Schwallstrecke nochmal etwas und nach ca. 500 m weitet sie sich um uns mit der Kiesbank von Hirschling zum Baden einzuladen.<\/p>\n\n\n\n<figure class=\"wp-block-image size-large\"><img loading=\"lazy\" decoding=\"async\" width=\"1024\" height=\"768\" src=\"https:\/\/bootwandern.de\/wp-content\/uploads\/2024\/04\/0039-P1010095-1024x768.jpg\" alt=\"\" class=\"wp-image-168\" srcset=\"https:\/\/bootwandern.de\/wp-content\/uploads\/2024\/04\/0039-P1010095-1024x768.jpg 1024w, https:\/\/bootwandern.de\/wp-content\/uploads\/2024\/04\/0039-P1010095-300x225.jpg 300w, https:\/\/bootwandern.de\/wp-content\/uploads\/2024\/04\/0039-P1010095-768x576.jpg 768w, https:\/\/bootwandern.de\/wp-content\/uploads\/2024\/04\/0039-P1010095-1536x1152.jpg 1536w, https:\/\/bootwandern.de\/wp-content\/uploads\/2024\/04\/0039-P1010095.jpg 2048w\" sizes=\"auto, (max-width: 706px) 89vw, (max-width: 767px) 82vw, 740px\" \/><\/figure>\n\n\n\n<p>Die Kiesbank von Hirschling ist die einzige Kiesbank dieser Etappe, die auch bei relativ hohen Wasserstand noch nutzbar ist und nicht vollst\u00e4ndig in den Fluten untergeht. Weicher kiesartiger Sand und ein relativ gro\u00dfer Flachwasserbereich machen die Raststelle ideal f\u00fcr Kinder.<\/p>\n\n\n\n<p>Markant an Hirschling ist das barocke Schl\u00f6sschen mit seinem Treppengiebel und dem kleinen T\u00fcrmchen. Paddelt man unter der Br\u00fccke durch, so begleitet einen der Ort nur kurz am rechten Ufer und verschwindet nach der Br\u00fccke so schnell wie er aufgetaucht ist hinter den ufers\u00e4umenden Weiden. <\/p>\n\n\n\n<p>Zwei, drei Flussbiegungen und schon tauchen wieder Felsen im Fluss auf. Diese k\u00fcndigen uns Kanufahrern den n\u00e4chsten Ort an, Heilinghausen.<\/p>\n","protected":false},"excerpt":{"rendered":"<p>Das Gasthaus Marienthal, mit seinen \u00fcber 100 j\u00e4hrigen Kastanienb\u00e4umen z\u00e4hlt zu einem der sch\u00f6nsten Bierg\u00e4rten Bayerns. Wenn man unter den schattenspendenden Kastanien sitzt und ein k\u00fchles Bier vor sich hat, so f\u00e4llt es schwer sich aufzuraffen und weiter zu paddeln. Auch wenn der Gedanke schwer f\u00e4llt, tuen Sie es! Es lohnt sich. Es liegen noch &hellip; <\/p>\n<p class=\"link-more\"><a href=\"https:\/\/bootwandern.de\/index.php\/etappe-marienthal-bis-heilinghausen\/\" class=\"more-link\"><span class=\"screen-reader-text\">\u201eEtappe Marienthal bis Heilinghausen\u201c <\/span>weiterlesen<\/a><\/p>\n","protected":false},"author":1,"featured_media":0,"parent":0,"menu_order":0,"comment_status":"closed","ping_status":"closed","template":"","meta":{"footnotes":""},"class_list":["post-91","page","type-page","status-publish","hentry"],"yoast_head":"<!-- This site is optimized with the Yoast SEO plugin v27.2 - https:\/\/yoast.com\/product\/yoast-seo-wordpress\/ -->\n<title>Etappe Marienthal bis Heilinghausen - Kanutouren am Regen<\/title>\n<meta name=\"robots\" content=\"index, follow, max-snippet:-1, max-image-preview:large, max-video-preview:-1\" \/>\n<link rel=\"canonical\" href=\"https:\/\/bootwandern.de\/index.php\/etappe-marienthal-bis-heilinghausen\/\" \/>\n<meta property=\"og:locale\" content=\"de_DE\" \/>\n<meta property=\"og:type\" content=\"article\" \/>\n<meta property=\"og:title\" content=\"Etappe Marienthal bis Heilinghausen - Kanutouren am Regen\" \/>\n<meta property=\"og:description\" content=\"Das Gasthaus Marienthal, mit seinen \u00fcber 100 j\u00e4hrigen Kastanienb\u00e4umen z\u00e4hlt zu einem der sch\u00f6nsten Bierg\u00e4rten Bayerns. Wenn man unter den schattenspendenden Kastanien sitzt und ein k\u00fchles Bier vor sich hat, so f\u00e4llt es schwer sich aufzuraffen und weiter zu paddeln. Auch wenn der Gedanke schwer f\u00e4llt, tuen Sie es! Es lohnt sich. Es liegen noch &hellip; \u201eEtappe Marienthal bis Heilinghausen\u201c weiterlesen\" \/>\n<meta property=\"og:url\" content=\"https:\/\/bootwandern.de\/index.php\/etappe-marienthal-bis-heilinghausen\/\" \/>\n<meta property=\"og:site_name\" content=\"Kanutouren am Regen\" \/>\n<meta property=\"article:modified_time\" content=\"2024-04-20T12:19:38+00:00\" \/>\n<meta property=\"og:image\" content=\"https:\/\/bootwandern.de\/wp-content\/uploads\/2024\/02\/kanu-marienthal.jpg\" \/>\n<meta name=\"twitter:card\" content=\"summary_large_image\" \/>\n<meta name=\"twitter:label1\" content=\"Gesch\u00e4tzte Lesezeit\" \/>\n\t<meta name=\"twitter:data1\" content=\"4\u00a0Minuten\" \/>\n<script type=\"application\/ld+json\" class=\"yoast-schema-graph\">{\"@context\":\"https:\/\/schema.org\",\"@graph\":[{\"@type\":\"WebPage\",\"@id\":\"https:\/\/bootwandern.de\/index.php\/etappe-marienthal-bis-heilinghausen\/\",\"url\":\"https:\/\/bootwandern.de\/index.php\/etappe-marienthal-bis-heilinghausen\/\",\"name\":\"Etappe Marienthal bis Heilinghausen - Kanutouren am Regen\",\"isPartOf\":{\"@id\":\"https:\/\/bootwandern.de\/#website\"},\"primaryImageOfPage\":{\"@id\":\"https:\/\/bootwandern.de\/index.php\/etappe-marienthal-bis-heilinghausen\/#primaryimage\"},\"image\":{\"@id\":\"https:\/\/bootwandern.de\/index.php\/etappe-marienthal-bis-heilinghausen\/#primaryimage\"},\"thumbnailUrl\":\"https:\/\/bootwandern.de\/wp-content\/uploads\/2024\/02\/kanu-marienthal.jpg\",\"datePublished\":\"2024-02-25T18:57:22+00:00\",\"dateModified\":\"2024-04-20T12:19:38+00:00\",\"breadcrumb\":{\"@id\":\"https:\/\/bootwandern.de\/index.php\/etappe-marienthal-bis-heilinghausen\/#breadcrumb\"},\"inLanguage\":\"de\",\"potentialAction\":[{\"@type\":\"ReadAction\",\"target\":[\"https:\/\/bootwandern.de\/index.php\/etappe-marienthal-bis-heilinghausen\/\"]}]},{\"@type\":\"ImageObject\",\"inLanguage\":\"de\",\"@id\":\"https:\/\/bootwandern.de\/index.php\/etappe-marienthal-bis-heilinghausen\/#primaryimage\",\"url\":\"https:\/\/bootwandern.de\/wp-content\/uploads\/2024\/02\/kanu-marienthal.jpg\",\"contentUrl\":\"https:\/\/bootwandern.de\/wp-content\/uploads\/2024\/02\/kanu-marienthal.jpg\",\"width\":500,\"height\":395},{\"@type\":\"BreadcrumbList\",\"@id\":\"https:\/\/bootwandern.de\/index.php\/etappe-marienthal-bis-heilinghausen\/#breadcrumb\",\"itemListElement\":[{\"@type\":\"ListItem\",\"position\":1,\"name\":\"Startseite\",\"item\":\"https:\/\/bootwandern.de\/\"},{\"@type\":\"ListItem\",\"position\":2,\"name\":\"Etappe Marienthal bis Heilinghausen\"}]},{\"@type\":\"WebSite\",\"@id\":\"https:\/\/bootwandern.de\/#website\",\"url\":\"https:\/\/bootwandern.de\/\",\"name\":\"Kanutouren am Regen\",\"description\":\"Allgemeine Beschreibung\",\"publisher\":{\"@id\":\"https:\/\/bootwandern.de\/#organization\"},\"potentialAction\":[{\"@type\":\"SearchAction\",\"target\":{\"@type\":\"EntryPoint\",\"urlTemplate\":\"https:\/\/bootwandern.de\/?s={search_term_string}\"},\"query-input\":{\"@type\":\"PropertyValueSpecification\",\"valueRequired\":true,\"valueName\":\"search_term_string\"}}],\"inLanguage\":\"de\"},{\"@type\":\"Organization\",\"@id\":\"https:\/\/bootwandern.de\/#organization\",\"name\":\"Kanutouren am Regen\",\"url\":\"https:\/\/bootwandern.de\/\",\"logo\":{\"@type\":\"ImageObject\",\"inLanguage\":\"de\",\"@id\":\"https:\/\/bootwandern.de\/#\/schema\/logo\/image\/\",\"url\":\"https:\/\/bootwandern.de\/wp-content\/uploads\/2024\/02\/cropped-Logo_Regental-Kanu.gif\",\"contentUrl\":\"https:\/\/bootwandern.de\/wp-content\/uploads\/2024\/02\/cropped-Logo_Regental-Kanu.gif\",\"width\":442,\"height\":250,\"caption\":\"Kanutouren am Regen\"},\"image\":{\"@id\":\"https:\/\/bootwandern.de\/#\/schema\/logo\/image\/\"}}]}<\/script>\n<!-- \/ Yoast SEO plugin. -->","yoast_head_json":{"title":"Etappe Marienthal bis Heilinghausen - Kanutouren am Regen","robots":{"index":"index","follow":"follow","max-snippet":"max-snippet:-1","max-image-preview":"max-image-preview:large","max-video-preview":"max-video-preview:-1"},"canonical":"https:\/\/bootwandern.de\/index.php\/etappe-marienthal-bis-heilinghausen\/","og_locale":"de_DE","og_type":"article","og_title":"Etappe Marienthal bis Heilinghausen - Kanutouren am Regen","og_description":"Das Gasthaus Marienthal, mit seinen \u00fcber 100 j\u00e4hrigen Kastanienb\u00e4umen z\u00e4hlt zu einem der sch\u00f6nsten Bierg\u00e4rten Bayerns. Wenn man unter den schattenspendenden Kastanien sitzt und ein k\u00fchles Bier vor sich hat, so f\u00e4llt es schwer sich aufzuraffen und weiter zu paddeln. Auch wenn der Gedanke schwer f\u00e4llt, tuen Sie es! Es lohnt sich. Es liegen noch &hellip; \u201eEtappe Marienthal bis Heilinghausen\u201c weiterlesen","og_url":"https:\/\/bootwandern.de\/index.php\/etappe-marienthal-bis-heilinghausen\/","og_site_name":"Kanutouren am Regen","article_modified_time":"2024-04-20T12:19:38+00:00","og_image":[{"url":"https:\/\/bootwandern.de\/wp-content\/uploads\/2024\/02\/kanu-marienthal.jpg","type":"","width":"","height":""}],"twitter_card":"summary_large_image","twitter_misc":{"Gesch\u00e4tzte Lesezeit":"4\u00a0Minuten"},"schema":{"@context":"https:\/\/schema.org","@graph":[{"@type":"WebPage","@id":"https:\/\/bootwandern.de\/index.php\/etappe-marienthal-bis-heilinghausen\/","url":"https:\/\/bootwandern.de\/index.php\/etappe-marienthal-bis-heilinghausen\/","name":"Etappe Marienthal bis Heilinghausen - Kanutouren am Regen","isPartOf":{"@id":"https:\/\/bootwandern.de\/#website"},"primaryImageOfPage":{"@id":"https:\/\/bootwandern.de\/index.php\/etappe-marienthal-bis-heilinghausen\/#primaryimage"},"image":{"@id":"https:\/\/bootwandern.de\/index.php\/etappe-marienthal-bis-heilinghausen\/#primaryimage"},"thumbnailUrl":"https:\/\/bootwandern.de\/wp-content\/uploads\/2024\/02\/kanu-marienthal.jpg","datePublished":"2024-02-25T18:57:22+00:00","dateModified":"2024-04-20T12:19:38+00:00","breadcrumb":{"@id":"https:\/\/bootwandern.de\/index.php\/etappe-marienthal-bis-heilinghausen\/#breadcrumb"},"inLanguage":"de","potentialAction":[{"@type":"ReadAction","target":["https:\/\/bootwandern.de\/index.php\/etappe-marienthal-bis-heilinghausen\/"]}]},{"@type":"ImageObject","inLanguage":"de","@id":"https:\/\/bootwandern.de\/index.php\/etappe-marienthal-bis-heilinghausen\/#primaryimage","url":"https:\/\/bootwandern.de\/wp-content\/uploads\/2024\/02\/kanu-marienthal.jpg","contentUrl":"https:\/\/bootwandern.de\/wp-content\/uploads\/2024\/02\/kanu-marienthal.jpg","width":500,"height":395},{"@type":"BreadcrumbList","@id":"https:\/\/bootwandern.de\/index.php\/etappe-marienthal-bis-heilinghausen\/#breadcrumb","itemListElement":[{"@type":"ListItem","position":1,"name":"Startseite","item":"https:\/\/bootwandern.de\/"},{"@type":"ListItem","position":2,"name":"Etappe Marienthal bis Heilinghausen"}]},{"@type":"WebSite","@id":"https:\/\/bootwandern.de\/#website","url":"https:\/\/bootwandern.de\/","name":"Kanutouren am Regen","description":"Allgemeine Beschreibung","publisher":{"@id":"https:\/\/bootwandern.de\/#organization"},"potentialAction":[{"@type":"SearchAction","target":{"@type":"EntryPoint","urlTemplate":"https:\/\/bootwandern.de\/?s={search_term_string}"},"query-input":{"@type":"PropertyValueSpecification","valueRequired":true,"valueName":"search_term_string"}}],"inLanguage":"de"},{"@type":"Organization","@id":"https:\/\/bootwandern.de\/#organization","name":"Kanutouren am Regen","url":"https:\/\/bootwandern.de\/","logo":{"@type":"ImageObject","inLanguage":"de","@id":"https:\/\/bootwandern.de\/#\/schema\/logo\/image\/","url":"https:\/\/bootwandern.de\/wp-content\/uploads\/2024\/02\/cropped-Logo_Regental-Kanu.gif","contentUrl":"https:\/\/bootwandern.de\/wp-content\/uploads\/2024\/02\/cropped-Logo_Regental-Kanu.gif","width":442,"height":250,"caption":"Kanutouren am Regen"},"image":{"@id":"https:\/\/bootwandern.de\/#\/schema\/logo\/image\/"}}]}},"_links":{"self":[{"href":"https:\/\/bootwandern.de\/index.php\/wp-json\/wp\/v2\/pages\/91","targetHints":{"allow":["GET"]}}],"collection":[{"href":"https:\/\/bootwandern.de\/index.php\/wp-json\/wp\/v2\/pages"}],"about":[{"href":"https:\/\/bootwandern.de\/index.php\/wp-json\/wp\/v2\/types\/page"}],"author":[{"embeddable":true,"href":"https:\/\/bootwandern.de\/index.php\/wp-json\/wp\/v2\/users\/1"}],"replies":[{"embeddable":true,"href":"https:\/\/bootwandern.de\/index.php\/wp-json\/wp\/v2\/comments?post=91"}],"version-history":[{"count":4,"href":"https:\/\/bootwandern.de\/index.php\/wp-json\/wp\/v2\/pages\/91\/revisions"}],"predecessor-version":[{"id":170,"href":"https:\/\/bootwandern.de\/index.php\/wp-json\/wp\/v2\/pages\/91\/revisions\/170"}],"wp:attachment":[{"href":"https:\/\/bootwandern.de\/index.php\/wp-json\/wp\/v2\/media?parent=91"}],"curies":[{"name":"wp","href":"https:\/\/api.w.org\/{rel}","templated":true}]}}